o - 2. Let q be g(x). Let s = q - -2. Calculate the remainder when 27 is divided by s.
13
Let l(w) be the first derivative of -w**3/3 - 9*w**2/2 - w + 2. What is the remainder when 36 is divided by l(-7)?
10
Let b(t) be the third derivative of t**4/6 + t**3/6 + 6*t**2. Calculate the remainder when 24 is divided by b(3).
11
Let p = 0 - 0. Let u(c) be the third derivative of c**6/120 - c**5/60 - c**4/24 + 5*c**3/6 - 5*c**2. Calculate the remainder when 9 is divided by u(p).
4
Suppose 0 = -0*f + 5*f - 55. Let s = -13 - -25. What is the remainder when 255/s + 4/(-16) is divided by f?
10
Let k(w) = -26*w + 2. Let a be k(-3). Suppose -3*c - 3*h = -48, 10*c - 5*c - a = 3*h. Suppose 0*o + 4*o - 24 = 0. What is the remainder when c is divided by o?
4
Let a(s) = s**2 + 12*s + 14. Let c be a(-11). Let y(p) = p**3 - 3*p**2 + p + 2. What is the remainder when 23 is divided by y(c)?
3
What is the remainder when 81 is divided by (-18)/15*(-420)/18?
25
Suppose -4*c + 5*b = -79, -4*c - 6*b + b + 89 = 0. Calculate the remainder when 124 is divided by c.
19
Suppose x - 230 = -4*x. Let i(y) = 12*y. Calculate the remainder when x is divided by i(1).
10
Suppose -13 = -2*x + 7. Calculate the remainder when 28 is divided by x.
8
Let f be (14/4)/(1/(-2)). Let g(a) = -a**3 - 6*a**2 + 7*a + 4. Let h = -7 - -13. Calculate the remainder when h is divided by g(f).
2
Let w = -37 + 75. Calculate the remainder when w is divided by 14.
10
Suppose a - 1 = 0, -2*s - a - 115 = 2*s. Let j = s + 20. Calculate the remainder when 36 + 0*3/j is divided by 19.
17
Suppose 2*f - 5*z = 15, z + 0*z = 2*f - 19. Calculate the remainder when 26 is divided by f.
6
Suppose -p - 2*l + 33 = -3*l, -2*p + 5*l = -69. Let a(q) = 7*q - 4. Let g be (-1)/(-2) + (-25)/(-10). What is the remainder when p is divided by a(g)?
15
Suppose -m + 55 = 5*b, 0 = 5*m - m + 5*b - 235. Calculate the remainder when ((-6)/(-4))/(9/m) is divided by 4.
2
Let f(x) = -x**2 + 25*x - 40. What is the remainder when 50 is divided by f(23)?
2
Let s(c) = -c**2 + 8*c + 14. Let x be s(10). Calculate the remainder when (54/(-5))/(x/20) is divided by 13.
10
Suppose 0 = -3*l + 2*v + 136, 3*v - 1 + 7 = 0. What is the remainder when l is divided by 12?
8
Let h = -56 - -93. Calculate the remainder when h is divided by 20.
17
What is the remainder when 27/(-15) - -2 - (-492)/15 is divided by 12?
9
Let m(d) = 15*d**2 - 4*d - 10. What is the remainder when m(-2) is divided by 20?
18
Let k = -6 + 3. Let z = k - -6. Suppose 0 = 5*a + 2*y - 4, -a = -4*a + 5*y + 21. What is the remainder when z is divided by a?
1
Let v(y) = 0*y + 0*y - 3 - 8 - 6*y. Suppose b = -4*b + 55. Calculate the remainder when v(-7) is divided by b.
9
Let a = -41 - -94. What is the remainder when a is divided by ((-14)/2)/(1/(-2))?
11
Suppose -t + 4*t = b + 8, -2*t = -2*b - 4. Suppose 26 = 3*i + 5. Suppose -z + i + b = 0. What is the remainder when z is divided by 5?
3
Suppose -3*m = -3*j, -5*j = 5*m - 4*m - 18. Calculate the remainder when 41 is divided by 1/j - 41/(-3).
13
Let y(d) = d + 41. What is the remainder when 93 is divided by y(7)?
45
Let a(s) = -s + 97. What is the remainder when a(0) is divided by 25?
22
Let h = 16 - -7. Let k(t) = t**2 + 7*t - 1. Let n(i) = -3*i**2 - 22*i + 4. Let b(q) = 8*k(q) + 3*n(q). What is the remainder when h is divided by b(-9)?
10
Suppose h + h = 98. Suppose 2*o + u = 118, 3*u = o + u - h. Calculate the remainder when o is divided by 15.
12
Let m = -2 - -2. Suppose 4*q - 8*q + 36 = 0. Let f = q + m. Calculate the remainder when 24 is divided by f.
6
Suppose -2*q + 5*r - 92 = 2*q, 5*q + 4*r + 115 = 0. Let p = -11 - q. What is the remainder when p is divided by 3?
0
Let z(t) = -t**2 + 12*t - 4. Let l be z(10). Let v = -10 + l. Suppose j - 2*s - 13 = -v, 5*s = 2*j - 10. Calculate the remainder when j is divided by 9.
6
Let t(s) = 4*s - 25. Suppose 6*g + 24 = 2*g. Let f(l) = -l**3 - 5*l**2 - 4. What is the remainder when f(g) is divided by t(9)?
10
Suppose -5*a + 24 = -16. Calculate the remainder when a is divided by 3.
2
Suppose -2*k = -4*h + 226 - 20, 2*h - 2*k - 106 = 0. Suppose q - 10 = 10*d - 5*d, 0 = 5*q - d - h. Let s = 0 - -4. What is the remainder when q is divided by s?
2
Let r(c) = -3*c - 8. Let g be r(-6). What is the remainder when 32 is divided by (34/10)/(2/g)?
15
Calculate the remainder when 29 is divided by (9/4)/((-21)/(-140)).
14
Suppose -5*j = -0*j - 75. What is the remainder when -2 + (-87)/((-9)/3) is divided by j?
12
Let s be ((-5)/(-5))/(1/3). Suppose -c + 152 = s*c. Calculate the remainder when c is divided by 10.
8
Let r(f) = f + 6. Let o be r(-4). Suppose 0 = -k - s + 9, k + 2*s + o*s - 6 = 0. What is the remainder when 11 is divided by (4/2)/(5/k)?
3
Let n(b) = b**2 + 5*b + 6. Let x(i) = i**2 + 5*i + 5. Let o(q) = 3*n(q) - 2*x(q). Calculate the remainder when o(-9) is divided by 23.
21
Suppose -g - n = -10, -5*n - 24 = -4*g + 16. Let i(r) = -r**3 - 3*r**2 + 4*r - 2. What is the remainder when i(-5) is divided by g?
8
Suppose -9 = -3*j, 0 = -3*r - 2*j - 3*j - 15. Suppose 2*x - 5*o = -44, 3*x + 2*o - 6 + 34 = 0. Let f = r - x. Calculate the remainder when 3 is divided by f.
1
Suppose -k + 0 = 2. Let a = 7 - k. What is the remainder when (15/3 - 0)*a is divided by 16?
13
Suppose 5*t - 30 = 10. Calculate the remainder when 13 is divided by t.
5
Let c = 30 - 11. Suppose 3*t + 5*p + 1 = 4*p, -5 = t + 5*p. Suppose -3*q + t*q = -21. Calculate the remainder when c is divided by q.
5
Let n(g) = 3*g + 2. Let c be n(1). Suppose c*a - 265 = 5*x, 159 = 5*a - 2*a - 5*x. What is the remainder when a is divided by 28?
25
Suppose j - 2 = 0, 3*j + 27 = n + 2*j. Let l be (-15 - 2) + (-9)/3. Let h = 35 + l. What is the remainder when n is divided by h?
14
Let s = 12 - 7. Suppose -s*g + 5*d = -10, 6*g + 4*d = g + 10. What is the remainder when 30 is divided by (-24)/(9/(-12)*g)?
14
Let y = 3 + 1. Let d be 1/y + 9/(-4). What is the remainder when (40 - 1) + 4 + d is divided by 21?
20
Let s(a) = a**3 - 3*a**2 - 5*a - 4. Let g be s(-3). Let p = g - -66. What is the remainder when 43 is divided by p?
20
Suppose 4*f + 75 = 5*f. What is the remainder when f is divided by 13?
10
Suppose 3*u + 4*t = 86, -4*u = -0*u - 2*t - 78. Suppose 4*d = 3*o - 15, 0*o + 2*d = -5*o + 25. Let g = 13 - o. Calculate the remainder when u is divided by g.
6
Suppose -3*i - 395 = 2*i. Let m = -46 - i. Calculate the remainder when m is divided by 17.
16
Let a = 4 - 3. Let p = a + 1. Suppose 0 = 4*d - 22 + 2. What is the remainder when d is divided by p?
1
Let x(i) = -2*i - 4. Calculate the remainder when (3*1)/((-3)/(-28)) is divided by x(-7).
8
Let u = -21 + -1. Let y(p) = -p + 2. Calculate the remainder when u/(-1) + 0/(-3) is divided by y(-6).
6
Let o be (1/(-2))/(4/(-384)). Suppose 2*i = -2*i + o. What is the remainder when i is divided by 2/(-4) - 45/(-6)?
5
Let q(n) = n**2 - 4*n + 6. Let p be q(4). Let v = 4 + p. Calculate the remainder when 39 is divided by v.
9
Let u(f) = f**2 + 8*f + 15. Suppose 3*b = -2*h + 8, 2*b + h - 7 = -0. What is the remainder when b is divided by u(-6)?
0
Suppose -3*i - x + 39 = -4, -4*i + 3*x = -40. What is the remainder when 22 is divided by i?
9
Calculate the remainder when (-11)/(-2) + (-30)/20 is divided by 3.
1
Let g = 28 - -7. What is the remainder when 68 is divided by g?
33
Let p(u) = 1 - 6 + 8*u**2 - u + u**3 + 0*u. Suppose 4*l - 19 - 9 = 0. What is the remainder when l is divided by p(-8)?
1
Let j = 58 - 47. Suppose -160 = -4*m - m. Calculate the remainder when m is divided by j.
10
Let s = -31 + 42. Calculate the remainder when 65 is divided by s.
10
Let p = 22 - 1. What is the remainder when 81 is divided by p?
18
Suppose -3*i = -2*v + 30, -5*i - 16 = -2*v + 34. Calculate the remainder when 21 is divided by (12/i)/(18/(-120)).
5
Suppose -3*x + 47 + 49 = 0. Let j = -22 + x. Let p = -44 - -62. Calculate the remainder when p is divided by j.
8
Suppose -3*y - 6 = 9. Let v = y - -20. What is the remainder when ((-1)/(-3))/((-1)/(-87)) is divided by v?
14
Let t = -149 - -205. What is the remainder when t is divided by 21?
14
Let s be 10/8 - 3/12. Let a(v) = -v**3 - 2*v**2 - 2*v + 4. What is the remainder when a(-3) is divided by 2*(s + (-10)/(-4))?
5
Let v(y) = 6*y + 1. What is the remainder when 27 is divided by v